5
Let x(z) = 6*z - 20. Calculate the remainder when x(22) is divided by 6.
4
Suppose -5 - 10 = -3*g + 3*f, -47 = -3*g - 5*f. Suppose 7*h + 2*h = -666. Calculate the remainder when 9/27 + h/(-3) is divided by g.
7
Let m = -13 + -18. Let o = -29 - m. Let d(h) = 12*h**2 - 1. What is the remainder when d(o) is divided by 16?
15
Let s(z) = 5*z + 38. Let u(i) = 3*i + 19. Let p(g) = 6*s(g) - 11*u(g). Calculate the remainder when 92 is divided by p(-4).
30
Let z(w) = w**3 + 6*w**2 - 2*w + 11. Let h be z(-6). Suppose 4*x - 115 = 3*j - 8*j, j + x = h. Calculate the remainder when 66 is divided by j.
20
Let z(n) = n**3 - 22*n**2 + 5*n - 44. What is the remainder when z(22) is divided by 8?
2
Suppose 2*k = h - 44 - 43, 0 = -4*h - 3*k + 293. What is the remainder when h is divided by 27?
23
Suppose -74*t = -93*t + 4807. What is the remainder when t is divided by 67?
52
Let c = -947 + 960. Let n(b) = b**3 + 6*b**2 + 6*b + 6. Let v be n(-5). Calculate the remainder when v/3 - 149/(-3) is divided by c.
11
Let l be 2 + (19 + -3)*1. What is the remainder when (-24)/16*64/(-3) is divided by l/(-5)*40/(-12)?
8
Let w = -9 + 3. Calculate the remainder when (20/w)/(12/(-126)) is divided by (-1)/(-4) - (-35)/4.
8
Let k be 32 + 4/12*3. Suppose 0 = 38*w - k*w - 330. Calculate the remainder when w is divided by 34.
32
Suppose 0 = 4*i - 25 - 75. Calculate the remainder when 75 is divided by i.
0
Suppose 0 = 5*p - 11*p - 1368. Calculate the remainder when (-6)/(5 + 1158/p) is divided by 26.
24
Let p = 70 + -46. Suppose -q - 15 = -5*i, -q - 19 = 3*i + 4*q. Suppose 2*j - 86 = i*a, 0*j = -2*j + a + 90. Calculate the remainder when j is divided by p.
23
Let o be (6/(-12))/((-4)/56). Suppose 0 = -3*d - 1 + 10. Calculate the remainder when -4 + 8 - -1*o is divided by d.
2
Let r be 208/(-12) + 4/3 + -1. Let q = r + 96. Calculate the remainder when q is divided by 9.
7
Suppose -5*i = -19 - 6, 0 = -a + 2*i + 31. Let b = a - 21. What is the remainder when b is divided by 11?
9
Let b be 121/5 - 16/80. Let v = b - 30. Let u = v + 20. Calculate the remainder when 40 is divided by u.
12
Let v(o) = -o**2 - 5*o + 93. Calculate the remainder when 72 is divided by v(6).
18
Let h = -8 - -44. Let n = h - 30. What is the remainder when 8 is divided by n?
2
Let r(n) = 3*n**2 - 3*n + 8. Calculate the remainder when r(2) is divided by 5/(30/(-4))*-12.
6
Suppose 2 = 4*s - 34. Let f(a) = 11*a**2 - a + 1. Suppose 8*p - 30 = -7*p. What is the remainder when f(p) is divided by s?
7
Let p(i) = -2*i - 7*i - 5 + 2*i. Suppose 4*q = -2*g - 0*q - 26, 0 = 4*g - 2*q + 12. Calculate the remainder when p(g) is divided by 11.
8
Calculate the remainder when 219 is divided by (-6)/(-3)*(-17)/(-2).
15
Let k(a) = 13*a + 1. Let p be (-8)/32 + (-41)/(-4). Let l(f) = 3*f**2 - 26*f + 13. What is the remainder when l(p) is divided by k(1)?
11
Let m = 995 + -954. Suppose -2*f - s = -6*f + 18, -f + 1 = -2*s. Suppose 0 = -f*j + 18 + 52. What is the remainder when m is divided by j?
13
Let h(r) be the first derivative of r**4/4 - 5*r**3/3 - 7*r**2/2 - 2*r - 5. Let g be h(6). Let f = 22 + g. Calculate the remainder when 39 is divided by f.
11
Calculate the remainder when 95/(-30) + 3 - 1839/(-18) is divided by 95.
7
Let f(g) = 2*g - 9. Let d be f(0). Let s(i) = -2*i - 12. Calculate the remainder when 26 is divided by s(d).
2
Let z(d) = -d**3 - 29*d**2 - 56*d + 32. What is the remainder when 91 is divided by z(-27)?
5
Let n(w) = -8*w - 41. Let v be (-4 - -5)*183*-1. Let k = -127 - v. What is the remainder when k is divided by n(-7)?
11
Calculate the remainder when (-8445)/(-65) - 11/(-143) is divided by 7.
4
Suppose -150 = -7*q - 990. What is the remainder when 37 is divided by (2/3)/((-10)/q)?
5
Let q = -189 + 97. Let m be 2/5 - q/20. Suppose -2*o - 5*u + 147 = -0*o, m*u + 339 = 4*o. Calculate the remainder when o is divided by 21.
18
Let d = -274 - -285. Calculate the remainder when 25 is divided by d.
3
Suppose 486 = 4*i + 2*c - 6, 0 = -3*i - 2*c + 369. What is the remainder when i is divided by 2 + (30 - (5 - 4))?
30
Suppose -22*x = -27*x + 470. Calculate the remainder when 192 is divided by x.
4
Let h(t) = 7 + 9 - 3 - t**2 - 12*t + 1. Calculate the remainder when h(-7) is divided by (-16)/(-56) - 68/(-7).
9
Suppose -20*s + 1262 = 342. Suppose -8 + 44 = 3*t. Calculate the remainder when s is divided by t.
10
Let f(j) = j + 2. Let q be f(-1). Let a(z) = -z**3 + 30*z**2 + 65*z + 27. What is the remainder when a(32) is divided by (-122)/(-6) + q/(-3)?
19
Suppose -5*j = -6*j. Suppose 4*u + j*x = 2*x + 84, 3*u - 63 = 5*x. Calculate the remainder when 81 is divided by u.
18
Let h(m) = -2*m + 10. What is the remainder when 1/(14/(-567))*40/(-15) is divided by h(-6)?
20
Let h = -7 - -45. Suppose -5*g + 3*g = s - 10, 36 = 3*s + 3*g. Calculate the remainder when h is divided by s.
10
Let k = 68 + -64. Let o(i) be the second derivative of i**5/20 - i**4/4 + 5*i**3/6 - 9*i**2/2 + i. What is the remainder when o(k) is divided by 14?
13
Let u = -37 + 39. Suppose 0*w + u*w = 128. Calculate the remainder when 64 is divided by ((-33)/2)/((-48)/w).
20
Let k(d) = d**3 + 5*d**2 + 2*d - 2. Suppose -3*u + 4*z + 132 = 0, 0*z = 5*u + 2*z - 220. What is the remainder when u is divided by k(-4)?
2
Let q(n) = n**2 - 8*n + 5. Let z be q(5). Let v(p) = -p**3 - 32*p**2 - 62*p - 56. Let i be v(-30). What is the remainder when 30 is divided by 456/40 + i/z?
8
Let a(n) = -2*n**2 - 8*n - 15. Let l(w) = -w**2 - w - 1. Let x(r) = a(r) - 6*l(r). Calculate the remainder when 186 is divided by x(4).
45
Let d(t) = -2*t**3 + 19*t**2 - 5*t - 8. Calculate the remainder when d(4) is divided by 33.
16
Suppose 4*m = 2*v - 9 - 1, 0 = 5*v + 3*m - 51. Calculate the remainder when 835 is divided by v.
7
Suppose -4*z = -16, t - 21 = 6*t + z. Let x(j) = 2*j**2 - j + 1. What is the remainder when ((-5)/t)/((-2)/170*-1) is divided by x(-3)?
19
Let t(f) = -10*f**2. Let g be t(-1). Let x = -2 - g. Calculate the remainder when 30 is divided by x.
6
Suppose 2*f = -3*f - 75. What is the remainder when 31 is divided by (-249)/f + (-2)/(-5)?
14
Let h = 290 - 30. What is the remainder when h is divided by 44?
40
What is the remainder when 33 + (-1 + 3)*1 + -3 is divided by 31?
1
Let r(w) = -12*w - 122. What is the remainder when 84 is divided by r(-14)?
38
Let d = 141 + -72. Calculate the remainder when d is divided by 35.
34
Calculate the remainder when 204 is divided by ((-261)/54)/29 + 415/6.
66
Let j(g) = -4*g**3 - 7*g**2 + 11*g + 19. Let c(d) = -d**2 + 7*d + 2. Calculate the remainder when j(-4) is divided by c(5).
11
Let q = 136 + -101. Let j = -24 + q. What is the remainder when 29 is divided by j?
7
Suppose -32 = 4*i - 4*d - 336, -d = i - 76. Calculate the remainder when i is divided by 39.
37
Let a = -364 - -605. Calculate the remainder when a is divided by 63.
52
What is the remainder when 955 is divided by (-4)/52 - (8 - (-6180)/(-65))?
85
Suppose 59 = -5*r + 169. Suppose -r = 9*w - 139. Calculate the remainder when 73 is divided by w.
8
Suppose -c - 4*h + 97 = 2*c, 0 = 3*h + 15. What is the remainder when -4 - (-7)/((-21)/(-351)) is divided by c?
35
Calculate the remainder when 422 is divided by (13 + -10)*((-61)/3)/(-1).
56
Let r = 21 + 12. Let f = r + -19. Calculate the remainder when 39 is divided by f.
11
Let q = -84 + 252. Calculate the remainder when q is divided by 19.
16
Let x(z) = 3*z - 10. Suppose o + 1 - 6 = 0. Let i be x(o). Suppose 0 = j + 4*r - 40, 3*j - i*r - 69 = -0*r. What is the remainder when j is divided by 10?
8
Suppose 0 = -16*j + 511 + 161. What is the remainder when 586 is divided by j?
40
Suppose 0*p = 4*f - 5*p - 266, 4*p = -8. Suppose -2*z + q = -q - 30, 0 = 4*z - 5*q - f. Calculate the remainder when z is divided by -2 + 4*2 + -1.
1
Calculate the remainder when 81 is divided by 1/(-5) - (11 + (-304)/20).
1
Suppose 12*n + 2*n = 14742. Suppose 12*g = 3*g + n. Calculate the remainder when g is divided by 20.
17
Let g be (-216)/14 - 52/91. Let l(v) = -v**3 - 10*v**2 - 10*v - 5. Let w be l(-9). What is the remainder when 6 is divided by w/g - 27/(-12)?
0
Calculate the remainder when 4/(-38) + (-3)/(342/(-12552)) is divided by 19.
15
Suppose k + 5*n - 138 = 0, 3*n = 6*k - 3*k - 324. Suppose -k = -4*z - 33. Calculate the remainder when z is divi